30 - 5*l**4/24 + 2*l**3/3 + 4*l**2 - 14*l. Give r(3).
7
Let v(c) be the first derivative of 61*c**4/4 + c**3/3 - c**2 - 2*c - 1853. What is v(-1)?
-60
Suppose -a = -3*q - q - 142, 4*q - 166 = -a. Let j(b) = 153 - 8*b - 307 + a. What is j(-1)?
8
Let t = 38 + -28. Let x(k) = -11 + t + 3 + 6*k. Let z(y) = -2*y - 1. Let i(n) = -3*x(n) - 8*z(n). Give i(4).
-6
Let r(m) = m**3 - 40*m**2 - 5*m + 200. Let g be r(40). Let p(l) = 5*l**3 - l**2 + 0*l**2 + 4 + 3*l - 4*l**3 - 4*l. Give p(g).
4
Let g(r) = 12*r**3 + 2*r + 1. Let d = -45 + 47. Let l be (-2*(-5)/(-20))/(d/4). Give g(l).
-13
Let o be 8 + (-1)/(-3)*-3. Suppose -18 + 25 = -o*l. Let a(q) = 5*q + 1. Determine a(l).
-4
Let m(l) = 8*l**3 + 33*l**2 - 68. Let b(t) = 51*t**3 + 200*t**2 - t - 405. Let a(p) = 3*b(p) - 19*m(p). Determine a(27).
-4
Let z(a) = -2*a + 6*a - 2*a + 2*a - a**2 - 101465 + 101468. Calculate z(5).
-2
Let i(x) = -2*x**3 - 2*x**2 - 2*x. Let y(h) = -h**2 + 35*h - 218. Let d be y(8). What is i(d)?
12
Let m be (-90)/(-18 - -8) - (14 - -4). Let n(w) = -w**3 - 9*w**2 + 9*w + 70. Give n(m).
-11
Let c(w) = -52*w**3 - 21*w**2 - 44*w + 23. Let n(m) = 7*m**3 + 3*m**2 + 6*m - 3. Let f(q) = -2*c(q) - 15*n(q). Suppose l + 4 = -l. What is f(l)?
-1
Suppose -147*w - 34 = -181*w. Let k(y) = -8*y - 7. Let j(a) = a**2 + 6*a - 12. Let i be j(-7). Let n(m) = -4*m - 4. Let v(f) = i*n(f) + 3*k(f). Give v(w).
-5
Let j(m) be the third derivative of m**2 - 1/8*m**4 - 1/60*m**5 + 0 - 1/3*m**3 + 0*m. Let r be 18/(-117) + (-576)/312. What is j(r)?
0
Let i(g) = -g**3 - 2*g**2 - 8*g - 6. Let b = -1936 - -1935. Determine i(b).
1
Suppose -2*y + 669 = -5*w, -373 - 17 = 3*w - 5*y. Let a = w - -127. Let n(h) = 3*h - 3*h + 14 + h. Give n(a).
6
Let x be ((-814)/55)/(4/(-10)). Let u = 39 - x. Let h(w) = -w - 9*w**u + 13*w**2 + 2 - 1 - 5*w**2. What is h(1)?
-1
Let i(b) = -b**3 + 7*b**2 + 6*b - 12. Let c be i(7). Let y be (48/c)/(2/5). Let h(n) = y + n - 2*n - 8 + 5. Determine h(-4).
5
Let p(b) be the second derivative of b**3/6 + 8*b. Let v(s) = s**2 - 3*s - 96. Let w be v(-8). Determine p(w).
-8
Let t(s) = -s**3. Let k(j) = -7*j**3 + j**2 - 9. Suppose 0 = 5*n - 5*z, 3*z = 2*n - 3 + 4. Let a(d) = n*k(d) - 6*t(d). Give a(0).
-9
Let f be (-2)/(2/16*-4). Suppose -n - 3 = k, 3*n + f*k - 1 = -11. Let i(q) = -4*q**3 - 2*q**2 + q + 1. Calculate i(n).
23
Let q(p) = -11*p + 8. Let j be q(3). Let h = j - -27. Suppose -w - 7 = h*c, 0 - 6 = -2*w + c. Let b(u) = 11*u - 1. What is b(w)?
10
Let r(h) = 24*h**2 + 22*h + 87. Let t(u) = 28*u**2 + 26*u + 94. Let g(a) = 6*r(a) - 5*t(a). Calculate g(0).
52
Let c(n) = -n**3 - n**2 - 1. Let u(w) be the second derivative of w**5/10 - w**4/3 - 5*w**3/6 + 5*w**2 - 18*w. Let z be u(2). What is c(z)?
-1
Let w(v) = -114*v - 7752. Let c be w(-68). Let s(b) be the first derivative of c*b**2 + 1/3*b**3 + 0*b + 8 + 7/4*b**4. Determine s(-1).
-6
Let g(r) be the second derivative of -5*r**4/12 + r**3/6 + r**2/2 + 2*r + 235. What is g(-1)?
-5
Let f(l) = -3*l**2 + 12*l - 8. Let t(x) = -x**2 + 4*x - 3. Let p(c) = -6*f(c) + 17*t(c). Suppose 11*j - 16*j = 0. Suppose 0*q + 9*q - 45 = j. Determine p(q).
2
Let z(d) = d**3 + 8*d**2 + 8*d + 4. Suppose x - 4 - 8 = -3*p, -4*x - 12 = 0. Suppose -2787*u = -2822*u + 105. Suppose -u*m + 0 = p*q + 46, 2*q = -10. Give z(m).
-3
Let t(h) = -h + 4. Let p(w) = w**3 - 36*w**2 + 92*w + 196. Let f be p(33). Let k = 40 - 1. Let o = f + k. Calculate t(o).
0
Let i be 360 - (0 + (-4 - -1)). Let w = i - 355. Let f(g) = -2*g**2 - 11*g + 7. Let s(h) = -3*h**2 - 12*h + 7. Let j(c) = -4*f(c) + 3*s(c). What is j(w)?
-7
Let s(c) = -2*c + 35. Let u = -29674 + 29699. Determine s(u).
-15
Let o(y) = y**2 + 3*y - 9. Let j(g) = g**2 + 3*g - 10. Let t(m) = -2*j(m) + 3*o(m). Let v be (-330)/81 + ((-260)/(-270))/13. Calculate t(v).
-3
Let y(v) = v**3 + v**2 - 53*v - 8. Let j be y(-8). Let c = 32 + j. Let r(z) = -z**2 - z - 1. Give r(c).
-1
Let t(v) = -3*v**2 + 20*v - 31. Let g(n) = -2*n**2 + 11*n - 20. Let h(w) = -10*g(w) + 6*t(w). What is h(-6)?
26
Suppose 5*p + 4 = -2*q, -3*q - 57 = -p - 17. Let k(f) = 2446 + 1928 - 4376 + f. What is k(q)?
-14
Let t(v) = -4*v**2 - v. Let i(c) = 17*c**2 + 22*c + 61. Let n(b) = i(b) + 4*t(b). Calculate n(-13).
-4
Let g(w) = -w**2 + w - 1. Let y(j) = -j**3 - 7*j**2 + 3*j - 3. Suppose 17 = 19*k + 74. Let z(c) = k*g(c) + y(c). What is z(-4)?
0
Let c(w) = -4*w + 8. Suppose 0 = -3*h + 23 - 11. Let m be 30/(-12) + 2 - (-34)/h. Determine c(m).
-24
Let t(q) = -83*q. Let v be t(-1). Let i = v + -78. Let m(u) be the second derivative of u**5/20 - 5*u**4/12 - u**3/2 + 7*u**2/2 - u. Give m(i).
-8
Let t(f) = -5*f - 22 - 31 + 79 - 2*f + 4*f. Determine t(15).
-19
Let k be (1/2)/(4/120*3). Suppose -k = -20*g + 15*g. Let j(d) = -d**2 - d - 1. Let t(f) = 6*f**3 - 6*f**2 - 6*f - 5. Let v(i) = -6*j(i) + t(i). Calculate v(g).
7
Let l be (-9)/(-6)*-32*(-8)/24. Suppose -l*m = -21*m - 30. Let j(r) = -r**2 + 11*r + 1. Let t(h) = 3*h**2 - 23*h - 1. Let v(s) = -5*j(s) - 2*t(s). Give v(m).
15
Let o(f) = -3*f + 10. Suppose -35 + 27 = -k. Let z be -6 + 2 + k - -80. Suppose 14*d - z = 2*d. Calculate o(d).
-11
Let f(i) be the second derivative of -5*i**3/3 - 23*i. Let p be f(-5). Suppose 0 = -4*z + 18 - p. Let m(g) = g**3 + 8*g**2 + 9. Calculate m(z).
9
Let m(t) = -1566 + 788 - 30*t**2 + 776 + 32*t**2. Let a(c) = 2*c + 5. Let l be a(-4). Give m(l).
16
Let k(d) = -2*d. Let p(a) = -9*a. Let i(c) = c. Let w(q) = -21*i(q) - 2*p(q). Let x(s) = -2*k(s) + w(s). Determine x(1).
1
Let k(t) = t**2 + 5*t - 4. Let w(n) be the second derivative of -n**4/6 - 11*n**3/6 + 4*n**2 - 14*n. Let v(j) = 5*k(j) + 2*w(j). Let h = 1592 - 1596. Give v(h).
0
Let f(k) = 3*k**2 + 3*k. Let m be (-4)/(-26) + (-7364)/3419. Give f(m).
6
Let s(w) = -32*w**2 + 35*w - 1. Let p(d) = -54*d**2 + 70*d - 6. Let v(i) = 3*p(i) - 5*s(i). What is v(17)?
4
Suppose -4*v + 9 = 14*l - 19*l, v - l - 4 = 0. Let f(y) = -2*y + 5. Determine f(v).
-17
Let w(n) = 278*n - 1387. Let r be w(5). Let p(s) be the second derivative of -1/2*s**r - 10*s + 1/20*s**5 + 7/2*s**2 - 5/12*s**4 + 0. What is p(5)?
-8
Let o(m) = -m**2 + 17*m - 14. Suppose 10*r + 3304 = 5*y + 9*r, 2*y - 1323 = -r. Suppose y*u + 60 = 665*u. What is o(u)?
16
Let v(f) = f**3 - 20*f**2 - 23*f + 28. Suppose -283 = -10*m - 73. Give v(m).
-14
Let s(f) = -f**2 - 4*f - 4. Suppose 0*z = 3*z - 108. Let c = -18 + z. Let o = -22 + c. What is s(o)?
-4
Let h(m) be the second derivative of -m**4/4 - 3*m**3/2 - 51*m**2/2 - 5052*m. Calculate h(-5).
-81
Suppose -5 = -4*r + x, 3*r - x - 4 = -0. Let c(l) = l. Let y(g) = g**2 - 2*g. Let n(f) = -5*c(f) - 2*y(f). Give n(r).
-3
Let r(l) = -51*l - 14 + 146*l - 45*l - 49*l. Give r(-4).
-18
Let c(v) = 8*v + 3. Let h = 8679 + -8683. Give c(h).
-29
Let c(g) = -g**3 + 6*g**2 + 3*g + 28. Let u be ((-715)/(-39) + -16)*(-2 + 5). Determine c(u).
0
Let l be (-6)/(-36) - (4 + (-3)/(15/20)). Let g(r) be the third derivative of 0 + r**2 - l*r**3 + 0*r + 1/120*r**6 - 1/30*r**5 + 1/24*r**4. Determine g(2).
1
Let h(i) be the second derivative of -5*i**4/24 - i**3/6 - 93*i**2/2 + 11*i. Let v(w) be the first derivative of h(w). Calculate v(-2).
9
Let q(l) be the first derivative of -2*l - 1/3*l**3 - 236 - 9/2*l**2. What is q(-9)?
-2
Let h(x) = -748 + 2189 - 717 + 13*x - x**3 - 4*x**2 - 739. Give h(-7).
41
Let o(n) = -6*n - 75. Let q be o(-13). Suppose q*h - 24 = h. Let r(u) = u**2 - 15*u + 14. Determine r(h).
-22
Let v be (-1)/(7 - (-250)/(-36)). Let d(h) = -2*h**2 - 35*h + 23. What is d(v)?
5
Suppose -3*w - 22 = -4*a, 0 = -3*w - w + 3*a - 27. Let g(r) = 31 + 31 + 39 - 98 - 6*r - r**2. Calculate g(w).
3
Let l(f) = -2*f**2 + 2*f + 6. Let t(c) = -6*c**2 + 7*c + 19. Let h(b) = 7*l(b) - 2*t(b). Suppose 591 - 601 = -5*p. Calculate h(p).
-4
Let l(i) = 149*i - 4147. Let w be l(28). Let b(g) = -g**3 + 25*g**2 - g + 47. Determine b(w).
22
Suppose -5*w + 4*p - 16 = -7, 3*w + 4*p = -31. Let v(l) be the second derivative of l**5/20 + l**4/4 - 7*l**3/6 + l**2 + 165*l. Give v(w).
-13
Let a(l) = -4*l + 0*l**2 + 2 - l**2 + 3. Suppose -2*m - 12 = -2*c, -3*c + 3*m = -7*c - 4. Suppose -2*b = 2*j + 24, b - j + 4 - c = 0. Calculate a(b).
-16
Let i = -118 + 141. Suppose 25*l - 24 = i*l. Let s(f) = f**2 - 14*f + 7. Determine s(l).
-17
Let j = -7472 - -7491. Let x(y) = y**2 - 17*y - 25. Calculate x(j).
